 = -400 - -388. Let s be -9*(-1)/((-4)/x). Calculate the greatest common divisor of s and 225.
9
Let u = 2054 - 1963. Let c(x) = x**3 + 5*x**2 - 7*x + 1. Let q be c(-6). Calculate the greatest common divisor of u and q.
7
Let l(k) = 2*k**2 - 17*k - 27. Let j be l(14). Let i = 137 - j. What is the greatest common factor of 25 and i?
5
Let i be 28/784 + 38637/84. What is the highest common divisor of i and 20?
20
Let y(n) = 13*n**3 + 10*n**2 - 42*n - 50. Let c be y(8). What is the highest common divisor of 10 and c?
10
Let g(r) = 4*r - 1. Let c be g(9). Let n be (8/(-4) + c)/((-1)/(-1)). Calculate the greatest common factor of n and 44.
11
Let w(d) = -d**3 + 12*d**2 - 6*d - 10. Let a be w(7). Suppose -l = 3*n - 516, 495 = 4*n - 5*l - a. What is the greatest common divisor of 4 and n?
4
Suppose -4*c - g = -11225, -2*g + 10862 = 3*c + 2437. What is the highest common factor of 45 and c?
15
Let s = 6334 + -4420. What is the greatest common factor of 132 and s?
66
Suppose 0 = 4*c - 2*o - 282, 3*c - o = 73 + 141. Suppose -33 = k - 4*k. Let h = k + c. What is the greatest common factor of h and 21?
21
Let j(w) = -w**3 + 5*w**2 + 9*w + 2. Let k be j(7). Let g be (22/k)/((-2)/108). Let l = -27 + 33. What is the highest common factor of g and l?
6
Suppose -9*v + 2*v = 126. Let f be 2 + 221 + v + 26. Calculate the greatest common factor of 99 and f.
33
Let y be (-1)/12 - (-6100)/1200. Let p = -23 - -32. Let k be 42/p + 4/12. What is the highest common divisor of k and y?
5
Let j be (-69)/12 - 6/24. Let b be 11/((-11)/(-6))*(-9)/j. What is the highest common factor of 144 and b?
9
Let x be (675/36)/(3/12). Let v = x + -77. Let y be (-3)/(-9) - (v - 1124/12). What is the highest common divisor of y and 12?
12
Let b be 2*14 + (-210 - -201). Calculate the highest common factor of 4237 and b.
19
Let r(o) = 16*o - 2. Let c be r(1). Suppose 0 = -c*y - 4*y + 2016. Let g(j) = -2*j + 2. Let d be g(-6). Calculate the highest common divisor of d and y.
14
Let z be -3*(-12)/27 - (-4)/6. Let q = 20 - 8. Let x be (0 - z)*(-9)/q*54. What is the highest common divisor of 9 and x?
9
Let a = -16789 + 17299. Calculate the highest common factor of a and 34.
34
Suppose -5*h + p = -0*p - 142, 0 = 3*h - p - 86. Let l = h + 0. Let c be 7/(((-6)/2)/(-18)). Calculate the greatest common factor of l and c.
14
Let k(h) = 16*h**2 - 46*h - 2. Let f be k(4). Calculate the greatest common factor of 1435 and f.
35
Let v(a) = 2*a**3 - 17*a**2 - 50*a - 10. Let k be v(11). What is the highest common factor of 3240 and k?
45
Let m = 20963 + 9025. What is the highest common factor of 147 and m?
147
Let c = -12610 - -12933. Calculate the greatest common factor of c and 133.
19
Let t be 3024 - (10 + (-15 - -17)). Calculate the greatest common divisor of 48 and t.
12
Let r be (-6)/10 - 3564/(-165). Suppose 523 - 103 = 5*a. Calculate the highest common factor of r and a.
21
Suppose -c + 4*r = -9065, 2*c - 9035 = c - 2*r. What is the greatest common factor of c and 67?
67
Suppose 4 + 12 = 8*r. Let g = r + -25. Let k(p) = -p**3 - 23*p**2 - 3*p - 53. Let x be k(g). What is the highest common divisor of x and 40?
8
Let x = -7408 + 11926. What is the greatest common divisor of 18 and x?
18
Suppose 5*g = -2*u + 203 + 98, 5*g + 439 = 3*u. Let h = 184 - u. What is the greatest common divisor of h and 72?
36
Let o be 540*((-693)/(-42) - 12). Calculate the highest common factor of 150 and o.
30
Let f = 9452 - 6135. What is the greatest common divisor of 62 and f?
31
Let o be -26*(-4)/(-64)*14*-4. What is the greatest common factor of 14 and o?
7
Let f = -14939 - -16395. What is the greatest common divisor of f and 16?
16
Let w(q) = 18*q + 117. Let c be w(11). Suppose 309*f - c*f = -4002. What is the greatest common divisor of 46 and f?
23
Let n = -7820 + 8255. What is the highest common factor of 15 and n?
15
Let h(n) = n + 13. Let g = 27 + -23. Suppose -2*v = -4*d + 4, -v + 0*d - 12 = -g*d. Let t be h(v). What is the highest common divisor of t and 14?
7
Let k be (-3)/(9/(-48)) - 4. Suppose 4*s - 60 = 2*u, 0 = -3*u + 6*u + k. Let h = 391 + -274. Calculate the greatest common factor of s and h.
13
Let i(r) be the third derivative of -r**6/40 - r**5/6 - 5*r**4/24 - 5*r**3/3 + 115*r**2. Let d be i(-5). What is the greatest common divisor of 7 and d?
7
Suppose 5*j - 8 = 13*j. Let x be (j/((-10)/(-4)))/(2/(-190)). Let z = x - 29. Calculate the greatest common divisor of z and 99.
9
Suppose 49 - 9 = 4*o. Suppose -t + o = -0. Let m be (5/t)/(4/136). What is the greatest common divisor of m and 136?
17
Suppose n + 1418 = 1058. Let l be (-1 - -22)*n/(-140). What is the highest common factor of 18 and l?
18
Suppose -c + 2 = 2*v, 2*c = -2*c - 4*v + 12. Let k be (16/(-4) + 13)*(c - 1). Calculate the greatest common factor of 126 and k.
9
Let n = -12066 - -14906. Calculate the highest common divisor of n and 15.
5
Let o be 2/2 - -3 - (1 - 1). Let h be o*(-220)/8 + 3. Let b be ((-6)/2)/(-3) + h/(-1). Calculate the greatest common divisor of b and 12.
12
Suppose 8*u + 142 = 11*u - 5*z, -u + z = -46. Let r be 8/u - 291/(-33). What is the greatest common factor of r and 45?
9
Suppose -2429*v + 11057 = -2423*v - 3253. Calculate the greatest common divisor of 371 and v.
53
Let d = -16 - -20. Let h(t) = 2*t**3 - 5*t**2 + t - 12. Let x be h(d). Let c be 8/2*x/16. What is the highest common factor of 25 and c?
5
Suppose 2*m + 9*w = 2796, -13*w - 2816 = -2*m - 12*w. Calculate the highest common factor of m and 1005.
201
Let v = -8178 - -8223. Suppose u - 2*u + 15 = 0. Calculate the highest common factor of v and u.
15
Suppose 0 = -2*w + 17 + 3. Suppose 0 = w*h - 13*h + 3. Let t(o) = 21*o. Let l be t(h). Calculate the highest common divisor of l and 147.
21
Let v = 3770 + -3660. What is the greatest common factor of v and 50?
10
Suppose 5*k - 286 = 4*p, 3*p + 62 = k + p. Suppose -5*h - 5*f - 34 + 89 = 0, 3*h = 4*f + k. Let u = -26 - -61. What is the highest common divisor of u and h?
7
Let u(g) = 6*g**2 - 44*g + 366. Let m be u(9). Calculate the greatest common factor of m and 19.
19
Let o(u) = -u**2 + 2*u + 60. Let y be 24/72 + (-1)/3. Let l be o(y). Calculate the greatest common factor of 100 and l.
20
Suppose 0 = -8*x + 13 + 27. Suppose -x*d + 16 = -144. What is the highest common divisor of 12 and d?
4
Suppose 14*z - 11 = 13*z. Suppose 40 = -z*t + 920. Suppose 3*v + 15 = 0, -3*v - t = -k - 4*k. Calculate the highest common divisor of 13 and k.
13
Suppose -17*r + 4472 = -4*r. Let m = r - 333. Calculate the highest common divisor of m and 110.
11
Let q = 20 - 45. Let k = q - -42. Suppose 0 = -2*v + 2*a + 162, -v + 408*a - 404*a = -69. What is the highest common divisor of v and k?
17
Suppose 154584 = 15*t - 197991. Calculate the highest common divisor of t and 15.
15
Let a be 256/(-3840) - (19651/15)/(-1). What is the greatest common divisor of 30 and a?
10
Let w(x) = x**3 + 97*x**2 + 1473*x - 45. Let b be w(-78). Calculate the highest common factor of 14673 and b.
219
Let h = -6322 + 7112. What is the highest common factor of h and 20?
10
Let r = -20 - -23. Let q be 0 + r - (1 - 0). Suppose n - 2*f = -n + 18, 3*n - q*f = 28. Calculate the highest common divisor of n and 10.
10
Suppose 0 = -39*x - 21*x + 3240. Calculate the greatest common factor of x and 4347.
27
Let h be (-6)/10 - (292/(-20) - -12). Suppose 0 = 3*l + 3, h*k = 4*k - 2*l - 18. Suppose 0 = 3*y - y - 40. What is the highest common factor of y and k?
4
Suppose w - 5*k - 191 = -4*k, 4*w - 769 = 5*k. Let s = w + -29. Let v = s - 113. Calculate the highest common divisor of v and 110.
22
Let b be 3296/(-2 + 4) + ((-72)/6)/(-6). What is the greatest common factor of b and 66?
66
Let c be (-3636)/(-14) + 36/126. Let h = c - 238. Suppose 0 = 4*f - 510 - 458. What is the highest common factor of f and h?
22
Let c = -4448 + 5633. Calculate the greatest common factor of 15 and c.
15
Let k = 1707 - 1087. What is the greatest common factor of k and 1984?
124
Let t be 505*(43 + -43 + (-3)/(3 - 6)). Calculate the greatest common factor of 6161 and t.
101
Suppose -38*l - 37*l = -3*l - 68040. What is the highest common factor of l and 35?
35
Let h be (-7392)/(-72)*(-9)/(-6). Calculate the greatest common divisor of h and 55.
11
Let g = 5691 - 3714. Calculate the highest com